+ 18*y - 2. Let u(r) = -776*r**2 + 36*r - 3. Let t(g) = 4*u(g) - 9*w(g). Is t(5) prime?
True
Suppose 254*l + 40171859 = 136686525. Is l a prime number?
True
Let t be (-2 + (-1 - -2))*0. Suppose t = 5*l - 6*l. Suppose l*b + 5*b - 1285 = 0. Is b a composite number?
False
Is 75163*1 + (140/(-42) - 4/(-3)) a composite number?
False
Let q be 2*(-2)/(-8)*(-3 - -7). Suppose 4*f = q*x + x + 1090, -3*x = f - 280. Suppose -3*c - 5*b + f = -3*b, 368 = 4*c + 2*b. Is c a prime number?
False
Let q(d) = -195*d**2 + 5*d + 62. Let s be q(-7). Let j = 16553 - s. Is j composite?
True
Suppose -17 = 7*s - 290. Suppose s = 2*b - 31. Suppose 2*d = -3*j + b, -13 = -3*j - 5*d + 16. Is j a composite number?
False
Is ((4/6)/1)/((-5630412)/804348 + 7) a composite number?
False
Let v(d) = d**3 - 3 + 5 - 10*d**2 - 4*d + 6 + 28*d**2. Let s(w) = -w**3 - w - 15. Let x be s(0). Is v(x) prime?
True
Let i(r) = -4*r + 4. Let a be i(3). Let f = -4 - a. Suppose 3*o - f*y - 1509 = 0, 0 = 2*y + y. Is o a prime number?
True
Let r = 65 - -55. Is ((-26)/6 + 1)*(-22860)/r a composite number?
True
Let i(t) = 13896*t**3 - t**2 - t + 1. Let q be i(1). Suppose 0 = 5*x - 5*k + q - 67250, -4*k = x - 10661. Is x a prime number?
False
Let h(w) = 17*w - 98. Let y be h(6). Let g(r) be the third derivative of 187*r**4/24 - 5*r**3/2 + 4*r**2. Is g(y) prime?
True
Let w = -6635 - -21630. Is w prime?
False
Suppose 6776*g - 120106 = 6762*g. Is g prime?
False
Suppose 5*u - 5*g + 6*g = 188902, 12 = -4*g. Suppose 0 = 6*x - 2*x - 3*r + 30221, r = -5*x - u. Is x/(-6) - (10/(-15))/(-2) a composite number?
False
Let c = -6420 + 3247. Let a = 1884 + c. Let t = -772 - a. Is t composite?
True
Let f(q) = 345*q**3 - 2*q**2 + 49*q - 397. Is f(9) a prime number?
True
Suppose -4*h - 4*d + d + 43 = 0, 3*h = d + 42. Let f be 2/h - (-629)/221. Suppose 2*u + 3*u - 20 = 0, -f*p + 4695 = 3*u. Is p a prime number?
False
Let y(b) be the third derivative of -229*b**6/60 + b**5/20 + b**4/12 + b**3/6 + 18*b**2. Let g be y(-1). Let t = g + -249. Is t prime?
True
Let g(h) = 5958*h**2 - 92*h - 904. Is g(-9) a prime number?
False
Let c(y) = 5*y**3 - 19*y**2 + 4*y - 11. Let m be c(11). Suppose u - q = m, -u + 4385 = -21*q + 18*q. Is u a prime number?
True
Is -20*(-27)/(-36) - -3448 a composite number?
False
Suppose -659 - 468 = 7*g. Let t be (-2)/(2/g) + -2. Let s = t - -428. Is s prime?
True
Suppose 8*m + 14*m = -3036. Let h = 1 - m. Is h a composite number?
False
Suppose -17*o - 91461 + 5794820 = 54*o. Is o a prime number?
True
Let m(y) = -2*y**3 - y**2 + y + 15. Let x be m(0). Let k(j) = -j**3 + 20*j**2 + 7*j - 39. Is k(x) a prime number?
False
Suppose -942847 = -3*k - 2*a, 36*k - 32*k - 1257122 = a. Is k composite?
True
Let g = 29 - 26. Suppose g*k + 2*w = 6*w + 2439, 3245 = 4*k - 3*w. Is k a composite number?
False
Let q be -3 + 1*(2 - 3) + 1. Let o be ((-4)/4 - -2)/(-1)*q. Suppose o*j - 4*p = -2*p + 5533, -5*p = -20. Is j a composite number?
False
Let b = 107 - 39. Let c = b - 64. Suppose 3*v = -c*p + 3129 - 586, 0 = 5*v - 5. Is p composite?
True
Is 3 - 8/3 - (16191456/18)/(-8) a prime number?
False
Let y be 198 - (7 - 6 - 2). Let z = 36 + y. Is z a prime number?
False
Let q(p) = 329*p**2 - 2*p - 4. Let j be q(4). Suppose 58*i + j = 62*i. Is i composite?
True
Suppose 2*f - 8 - 8 = 5*i, 4*i + 20 = 4*f. Suppose f*p = -0*p + 12732. Is (5/20)/(1/p) composite?
False
Suppose 4*o + 2*n = 131966, -n = -o + 15983 + 17001. Is o a prime number?
False
Let o(d) = 797*d**2 + 32*d - 208. Is o(11) a prime number?
True
Suppose 46*o + 12 = 50*o. Is 13073/o - (-16)/(-24) prime?
True
Suppose -50*w = -19822 + 7422. Suppose 30 = 3*n + 393. Let t = n + w. Is t a prime number?
True
Suppose -27984*q = -27980*q - 572428. Is q a composite number?
False
Let s = 151 - 233. Let i = -1289 - -1426. Let k = s + i. Is k a prime number?
False
Suppose -45670968 = -179*a + 26760487. Is a a composite number?
True
Let p = 82598 + 4653. Is p a composite number?
False
Suppose -2*s + 40998 = -2*g, -21217 + 103209 = 4*s - 2*g. Suppose 3*a - 8*a = 3*t - 34180, 3*a - s = -4*t. Is a composite?
True
Is -6 - -1 - (555 - 18103) a composite number?
True
Let w(y) = -3085*y - 2. Let h = -242 + 241. Is w(h) a composite number?
False
Suppose 0*a + 7*a + 115830 = 2*g, 3*g - a = 173707. Is g composite?
False
Let j(q) = 11666*q - 125. Is j(9) composite?
False
Suppose -4*v - 5*f = -2532, -5*v + 3165 = -f - f. Let u(n) = 31*n**2 - 231*n + 8. Let s be u(9). Let l = v + s. Is l prime?
False
Let n = -185063 + 260674. Is n prime?
True
Suppose 0 = 249*v - 252*v + 2*r + 1114395, 4*r = 0. Is v composite?
True
Suppose 16*r - 64 = 24*r. Is 3110 - (r - (-11 + 2)) composite?
False
Let y be -5*(-4)/(-20)*3*-3. Suppose 0 = -3*i + 2*q - 5, -i - 4*i - q = -y. Let u(v) = 886*v**2 + 3*v. Is u(i) prime?
False
Let p(w) = 3818*w + 93. Let g be p(4). Suppose 3*x = 5*o - 12383 - 2978, -5*o + 5*x + g = 0. Is o prime?
False
Suppose -10*y + 137 = -13. Let k(c) = -c**2 + 19*c - 14. Is k(y) a prime number?
False
Let p be 17/(-34)*(1 + -435). Let n = -22 + p. Suppose -3*l + n = -5*q, -2*l - q = l - 195. Is l composite?
True
Suppose -2*k + 3337 - 125 = 0. Let v = 2709 - k. Suppose 2*s - 3*m - 513 + 76 = 0, 5*s - v = 4*m. Is s a prime number?
True
Let k(u) = -46*u**2 + 11*u + 15. Let v(r) = -45*r**2 + 12*r + 16. Let x(f) = -6*k(f) + 5*v(f). Let j be x(10). Suppose 10*s - j = -0*s. Is s a prime number?
True
Let f(t) = -4*t**2 - 11*t - 2. Let d be f(-2). Suppose -d*o = -o + 4*k - 9535, -5*o + 5*k = -15915. Is o a composite number?
False
Suppose -26*k - 21*k - 2895928 = -55*k. Is k a composite number?
True
Let z(w) = -w**3 + 5*w**2 + 6*w. Let f be z(-5). Let u(x) = -x**2 + 10*x + 11. Let n be u(11). Is f + n + -4 + -2 composite?
True
Suppose -20*s = -18*s - 1722. Suppose 265 + s = u. Is u prime?
False
Let p(n) = -n**3 - 9*n**2 - 19*n - 30. Let w be p(-7). Suppose -191 = -r - o, 573 = -2*r + w*r - 5*o. Is r composite?
False
Suppose -5*r = -k - 103409, -4*r + 82736 = -23*k + 20*k. Is r composite?
False
Suppose 15 = 6*y - 57. Let t(s) = 6*s + 48*s - 16 + 15 - y*s. Is t(9) a composite number?
True
Suppose 10*z = -3*z + 4482283. Is z composite?
False
Suppose 9*s - 374 = 2056. Is (-478)/(-8 - s/(-35)) a prime number?
False
Suppose -3*u + 247 = 250. Is -1255*8/40*u a composite number?
False
Let n(k) = 969*k - 37. Let b(z) = 485*z - 18. Let q(j) = -7*b(j) + 3*n(j). Let u be q(-5). Suppose 0 = -3*d - 9, 0*w + 3*d + u = 2*w. Is w a composite number?
False
Let v = 68305 - 34555. Suppose -45732 = -6*k + v. Is k a composite number?
True
Suppose 0 = -p + 29 + 19. Let r = p + -218. Let o = -121 - r. Is o a prime number?
False
Let b = 12241 + 21784. Suppose 12*o - b = 7*o. Is o a composite number?
True
Suppose 0 = 22*i - 19*i - 24222. Let c = -4921 + i. Suppose c = 10*o - 4717. Is o prime?
True
Let u(g) = -768*g + 37. Let f be -10 - (-2 + -5 + 2). Is u(f) composite?
False
Let w(q) = -46*q**3 - 3*q**2 + 6*q + 24. Let k be w(5). Let o = -3014 - k. Is o composite?
True
Let a = 18044 + 27773. Is a prime?
True
Suppose 40131 = 13*n - 46553. Is (-5)/3 - (1 - n/12) a prime number?
False
Let q(t) = t**3 - 2*t**2 + 3*t - 6. Let z be q(2). Suppose z = -25*p + 10*p + 684885. Is p composite?
False
Suppose 3*o = f + 4, -4*o + 4*f + 16 = -0*f. Suppose 5*n + o + 0 = 0. Suppose -3*j - 296 + 2138 = n. Is j composite?
True
Suppose 3*f = -3*c + 156, f - 156 = -3*c + 2*f. Suppose 49*y = c*y - 22353. Is y composite?
False
Let q(a) = 2*a - 2. Let b be q(21). Let t = b - 40. Suppose t*i - 5*i = -515. Is i composite?
False
Is (7/(-3))/7 + 3423380/6 prime?
False
Let z(p) = -p**3 + 33*p**2 - 11*p + 19. Let o = -267 + 299. Is z(o) a prime number?
True
Is 1/7 - 23/((-322)/3162332) a prime number?
False
Suppose l - 172673 = -3*t, -287795 = -8*t + 3*t - 5*l. Is t a composite number?
False
Let o(n) = n**2 + 2*n + 14. Let x(r) = 15*r - 5. Let p be x(5). Let f be (-1)/(3 + p/(-24)). Is o(f) a composite number?
True
Suppose 26*g + 392013 = 529211 + 487556. Is g a prime number?
True
Let w(z) = -z**2 - 21*z - 55. Let k be w(-18). Is (2 - -1101)/(1/k - -2) prime?
True
Let a = 197 + -178. Is (-2)/a + 34470/38 prime?
True
Let n be 77/14 - 4 - 127190/(-4). Let r = -53702 + n. Is 2/12 + (r/(-18) - 0) prime?
True
Let z(w) = -w**3 - 12*w**2 + 4. Let v be z(-12). Let s = 4